135?
7
What is the hundred thousands digit of 1513588249?
5
What is the thousands digit of 652855932?
5
What is the thousands digit of 433861175?
1
What is the billions digit of 1519828841?
1
What is the tens digit of 13658644?
4
What is the ten thousands digit of 910260242?
6
What is the tens digit of 236109990?
9
What is the tens digit of 69082156?
5
What is the ten thousands digit of 41526123?
2
What is the hundred thousands digit of 640821363?
8
What is the tens digit of 2769388783?
8
What is the hundred millions digit of 313594916?
3
What is the hundred thousands digit of 4055487?
0
What is the thousands digit of 158101539?
1
What is the ten thousands digit of 75738871?
3
What is the hundred thousands digit of 1847257506?
2
What is the millions digit of 136026369?
6
What is the hundreds digit of 1722868717?
7
What is the millions digit of 1666203805?
6
What is the ten millions digit of 249967538?
4
What is the millions digit of 4990447?
4
What is the hundred thousands digit of 181964398?
9
What is the tens digit of 1042199845?
4
What is the ten millions digit of 14136792?
1
What is the millions digit of 24806202?
4
What is the tens digit of 2431246323?
2
What is the ten thousands digit of 51491511?
9
What is the hundred millions digit of 2686094370?
6
What is the hundred millions digit of 108978727?
1
What is the tens digit of 326118500?
0
What is the tens digit of 954035708?
0
What is the ten millions digit of 131932565?
3
What is the ten thousands digit of 10677558?
7
What is the thousands digit of 2988964470?
4
What is the tens digit of 1131070196?
9
What is the ten millions digit of 342241712?
4
What is the units digit of 196422533?
3
What is the units digit of 51399320?
0
What is the millions digit of 1455526690?
5
What is the millions digit of 23095638?
3
What is the tens digit of 18262187?
8
What is the units digit of 12324451?
1
What is the hundred thousands digit of 39833833?
8
What is the tens digit of 4624261167?
6
What is the hundred thousands digit of 792951736?
9
What is the hundred thousands digit of 93025742?
0
What is the tens digit of 705189979?
7
What is the ten thousands digit of 128197877?
9
What is the ten thousands digit of 5123491238?
9
What is the hundred millions digit of 125632029?
1
What is the ten thousands digit of 721229084?
2
What is the billions digit of 2290401256?
2
What is the hundred thousands digit of 32926887?
9
What is the tens digit of 552033931?
3
What is the hundreds digit of 808444397?
3
What is the millions digit of 66584458?
6
What is the units digit of 70793772?
2
What is the tens digit of 20430099?
9
What is the ten millions digit of 872991535?
7
What is the tens digit of 2056954223?
2
What is the ten thousands digit of 7689343?
8
What is the hundreds digit of 10177027?
0
What is the ten millions digit of 2196443052?
9
What is the ten thousands digit of 2231955?
3
What is the millions digit of 174349089?
4
What is the units digit of 30263547?
7
What is the ten thousands digit of 318814033?
1
What is the hundreds digit of 83115544?
5
What is the units digit of 336193597?
7
What is the ten millions digit of 214504092?
1
What is the hundreds digit of 138217653?
6
What is the hundred thousands digit of 156294864?
2
What is the ten millions digit of 532064029?
3
What is the hundreds digit of 60616824?
8
What is the ten millions digit of 45845899?
4
What is the ten millions digit of 415258834?
1
What is the ten millions digit of 79705193?
7
What is the millions digit of 53914367?
3
What is the units digit of 131436909?
9
What is the thousands digit of 196616715?
6
What is the hundred thousands digit of 75137904?
1
What is the hundred millions digit of 172554980?
1
What is the ten millions digit of 288767499?
8
What is the millions digit of 34371150?
4
What is the thousands digit of 798787386?
7
What is the units digit of 1308798432?
2
What is the hundred thousands digit of 37612656?
6
What is the tens digit of 19321315?
1
What is the millions digit of 5562418562?
2
What is the hundreds digit of 21069026?
0
What is the ten thousands digit of 100709513?
0
What is the thousands digit of 134311849?
1
What is the hundreds digit of 93932874?
8
What is the hundred thousands digit of 56321143?
3
What is the hundred millions digit of 5587337048?
5
What is the hundred millions digit of 374798476?
3
What is the units digit of 108793405?
5
What is the ten millions digit of 16700291?
1
What is the thousands digit of 343833325?
3
What is the ten thousands digit of 64205922?
0
What is the hundred millions digit of 133502068?
1
What is the millions digit of 42076880?
2
What is the thousands digit of 40197834?
7
What is the hundreds digit of 1015560992?
9
What is the millions digit of 143009012?
3
What is the hundred millions digit of 218284242?
2
What is the units digit of 964533481?
1
What is the units digit of 40634271?
1
What is the hundreds digit of 158980665?
6
What is the ten millions digit of 28073631?
2
What is the ten thousands digit of 302011228?
1
What is the hundreds digit of 764787?
7
What is the hundred millions digit of 2234616212?
2
What is the units digit of 472869995?
5
What is the ten millions digit of 3991833590?
9
What is the millions digit of 7935408814?
5
What is the hundreds digit of 155694563?
5
What is the millions digit of 211045567?
1
What is the units digit of 260454967?
7
What is the tens digit of 3288006?
0
What is the hundreds digit of 10116171?
1
What is the units digit of 111034342?
2
What is the hundreds digit of 5322543?
5
What is the thousands digit of 125785085?
5
What is the tens digit of 55709059?
5
What is the ten thousands digit of 14869811?
6
What is the hundreds digit of 547759835?
8
What is the thousands digit of 53668697?
8
What is the units digit of 434326296?
6
What is the hundred thousands digit of 36939301?
9
What is the tens digit of 388625737?
3
What is the millions digit of 181492466?
1
What is the hundreds digit of 85373322?
3
What is the tens digit of 41452445?
4
What is the tens digit of 1429763134?
3
What is the ten millions digit of 400232305?
0
What is the units digit of 1702281130?
0
What is the thousands digit of 6355006957?
6
What is the units digit of 621598447?
7
What is the hundred thousands digit of 97262653?
2
What is the hundred millions digit of 991241084?
9
What is the millions digit of 55638070?
5
What is the tens digit of 30579452?
5
What is the tens digit of 1700674606?
0
What is the units digit of 34484419?
9
What is the ten thousands digit of 6949657?
4
What is the hundreds digit of 23129026?
0
What is the units digit of 314673777?
7
What is the thousands digit of 556323?
6
What is the ten millions digit of 496475908?
9
What is the millions digit of 2644347594?
4
What is the units digit of 22335498?
8
What is the thousands digit of 1734598302?
8
What is the thousands digit of 190512864?
2
What is the thousands digit of 189421867?
1
What is the units digit of 97849613?
3
What is the hundred millions digit of 153010765?
1
What is the tens digit of 1439110468?
6
What is the ten thousands digit of 87906297?
0
What is the units digit of 88007692?
2
What is the ten thousands digit of 264822992?
2
What is the tens digit of 4384949060?
6
What is the ten millions digit of 538179784?
3
What is the ten thousands digit of 38766772?
6
What is the ten millions digit of 935641937?
3
What is the ten thousands digit of 1212274288?
7
What is the tens digit of 71873128?
2
What is the tens digit of 4141166361?
6
What is the ten thousands digit of 196572447?
7
What is the thousands digit of 208568448?
8
What is the hundred millions digit of 2163719812?
1
What is the thousands digit of 3668192190?
2
What is the millions digit of 493747343?
3
What is the ten thousands digit of 39241007?
4
What is the thousands digit of 74895951?
5
What is the hundred thousands digit of 78676648?
6
What is the billions digit of 1313792496?
1
What is the millions digit of 2139493467?
9
What is the ten thousands digit of 559060578?
6
What is the tens digit of 956495197?
9
What is the hundreds digit of 3646974693?
6
What is the units digit of 72453850?
0
What is the hundred millions digit of 2384345911?
3
What is the hundreds digit of 223107654?
6
What is the units digit of 828